when 207 is divided by 47?
19
Calculate the remainder when 7258 is divided by 15.
13
What is the remainder when 224 is divided by 45?
44
What is the remainder when 36 is divided by 30?
6
What is the remainder when 796 is divided by 19?
17
Calculate the remainder when 69 is divided by 7.
6
What is the remainder when 51 is divided by 21?
9
Calculate the remainder when 1049 is divided by 254.
33
What is the remainder when 51 is divided by 15?
6
What is the remainder when 409 is divided by 101?
5
What is the remainder when 2330 is divided by 209?
31
Calculate the remainder when 364 is divided by 6.
4
Calculate the remainder when 12624 is divided by 77.
73
Calculate the remainder when 350 is divided by 56.
14
Calculate the remainder when 503 is divided by 192.
119
What is the remainder when 386 is divided by 57?
44
What is the remainder when 60 is divided by 35?
25
Calculate the remainder when 1191 is divided by 158.
85
Calculate the remainder when 181 is divided by 18.
1
What is the remainder when 907 is divided by 15?
7
Calculate the remainder when 116 is divided by 30.
26
Calculate the remainder when 2725 is divided by 2724.
1
What is the remainder when 13 is divided by 6?
1
Calculate the remainder when 1247 is divided by 32.
31
Calculate the remainder when 250 is divided by 20.
10
What is the remainder when 6477 is divided by 144?
141
Calculate the remainder when 536 is divided by 128.
24
Calculate the remainder when 227 is divided by 21.
17
What is the remainder when 51 is divided by 15?
6
What is the remainder when 232 is divided by 43?
17
Calculate the remainder when 4039 is divided by 13.
9
What is the remainder when 524 is divided by 17?
14
What is the remainder when 187 is divided by 58?
13
Calculate the remainder when 35 is divided by 9.
8
What is the remainder when 280 is divided by 29?
19
Calculate the remainder when 125 is divided by 6.
5
Calculate the remainder when 3292 is divided by 34.
28
Calculate the remainder when 11117 is divided by 51.
50
Calculate the remainder when 1724 is divided by 54.
50
Calculate the remainder when 201 is divided by 62.
15
What is the remainder when 753 is divided by 250?
3
Calculate the remainder when 150 is divided by 14.
10
Calculate the remainder when 790 is divided by 129.
16
Calculate the remainder when 151 is divided by 63.
25
What is the remainder when 1094 is divided by 220?
214
What is the remainder when 113 is divided by 59?
54
What is the remainder when 160 is divided by 18?
16
What is the remainder when 514 is divided by 173?
168
Calculate the remainder when 730 is divided by 110.
70
What is the remainder when 1531 is divided by 21?
19
What is the remainder when 663 is divided by 23?
19
What is the remainder when 815 is divided by 13?
9
Calculate the remainder when 1415 is divided by 236.
235
What is the remainder when 133 is divided by 47?
39
What is the remainder when 555 is divided by 224?
107
What is the remainder when 191 is divided by 51?
38
Calculate the remainder when 256 is divided by 20.
16
What is the remainder when 125 is divided by 26?
21
What is the remainder when 2693 is divided by 894?
11
Calculate the remainder when 226 is divided by 14.
2
Calculate the remainder when 141 is divided by 19.
8
Calculate the remainder when 1374 is divided by 172.
170
What is the remainder when 703 is divided by 12?
7
What is the remainder when 1938 is divided by 562?
252
Calculate the remainder when 182 is divided by 28.
14
What is the remainder when 143 is divided by 20?
3
What is the remainder when 2551 is divided by 1275?
1
Calculate the remainder when 72 is divided by 58.
14
Calculate the remainder when 1981 is divided by 31.
28
What is the remainder when 45 is divided by 24?
21
What is the remainder when 1020 is divided by 273?
201
Calculate the remainder when 2898 is divided by 100.
98
What is the remainder when 3404 is divided by 29?
11
Calculate the remainder when 2633 is divided by 3.
2
What is the remainder when 4878 is divided by 40?
38
Calculate the remainder when 137 is divided by 38.
23
Calculate the remainder when 2426 is divided by 20.
6
What is the remainder when 146 is divided by 38?
32
Calculate the remainder when 113 is divided by 29.
26
What is the remainder when 80 is divided by 28?
24
What is the remainder when 72 is divided by 44?
28
What is the remainder when 1586 is divided by 18?
2
Calculate the remainder when 1127 is divided by 13.
9
Calculate the remainder when 509 is divided by 100.
9
What is the remainder when 1605 is divided by 8?
5
What is the remainder when 92 is divided by 30?
2
What is the remainder when 1266 is divided by 74?
8
What is the remainder when 833 is divided by 120?
113
What is the remainder when 2677 is divided by 47?
45
What is the remainder when 1082 is divided by 19?
18
Calculate the remainder when 419 is divided by 110.
89
What is the remainder when 6609 is divided by 56?
1
What is the remainder when 232 is divided by 61?
49
What is the remainder when 427 is divided by 111?
94
Calculate the remainder when 333 is divided by 14.
11
Calculate the remainder when 4021 is divided by 161.
157
Calculate the remainder when 460 is divided by 140.
40
What is the remainder when 789 is divided by 184?
53
Calculate the remainder when 17952 is divided by 315.
312
Calculate the remainder when 95 is divided by 38.
19
What is the remainder when 2860 is divided by 99?
88
Calculate the remainder when 236 is divided by 51.
32
Calculate the remainder when 73 is divided by 16.
9
Calculate the remainder when 1807 is divided by 898.
11
Calculate the remainder when 60 is divided by 28.
4
What is the remainder when 4547 is divided by 182?
179
Calculate the remainder when 199 is divided by 16.
7
Calculate the remainder when 15 is divided by 8.
7
What is the remainder when 119 is divided by 32?
23
What is the remainder when 508 is divided by 30?
28
Calculate the remainder when 67 is divided by 10.
7
Calculate the remainder when 140 is divided by 40.
20
Calculate the remainder when 144 is divided by 9.
0
Calculate the remainder when 449 is divided by 7.
1
What is the remainder when 5549 is divided by 26?
11
What is the remainder when 51 is divided by 32?
19
Calculate the remainder when 13118 is divided by 8.
6
Calculate the remainder when 428 is divided by 118.
74
What is the remainder when 498 is divided by 9?
3
Calculate the remainder when 125 is divided by 16.
13
Calculate the remainder when 329 is divided by 23.
7
What is the remainder when 1675 is divided by 40?
35
Calculate the remainder when 6427 is divided by 24.
19
What is the remainder when 840 is divided by 168?
0
What is the remainder when 2782 is divided by 32?
30
Calculate the remainder when 1004 is divided by 67.
66
What is the remainder when 11013 is divided by 108?
105
What is the remainder when 97 is divided by 33?
31
What is the remainder when 1028 is divided by 103?
101
What is the remainder when 367 is divided by 59?
13
What is the remainder when 67 is divided by 15?
7
What is the remainder when 77 is divided by 43?
34
What is the remainder when 279 is divided by 5?
4
What is the remainder when 592 is divided by 43?
33
Calculate the remainder when 228 is divided by 100.
28
What is the remainder when 526 is divided by 17?
16
What is the remainder when 2133 is divided by 13?
1
What is the remainder when 166 is divided by 28?
26
Calculate the remainder when 268 is divided by 27.
25
What is the remainder when 79 is divided by 40?
39
Calculate the remainder when 15 is divided by 5.
0
What is the remainder when 401 is divided by 124?
29
Calculate the remainder when 2322 is divided by 31.
28
What is the remainder when 54 is divided by 34?
20
What is the remainder when 487 is divided by 436?
51
What is the remainder when 1791 is divided by 39?
36
What is the remainder when 399 is divided by 386?
13
Calculate the remainder when 2617 is divided by 17.
16
What is the remainder when 194 is divided by 28?
26
What is the remainder when 494 is divided by 167?
160
What is the remainder when 606 is divided by 102?
96
Calculate the remainder when 43519 is divided by 89.
87
Calculate the remainder when 401 is divided by 197.
7
What is the remainder when 178 is divided by 9?
7
What is the remainder when 1320 is div